he prime factors of 11130?
2, 3, 5, 7, 53
List the prime factors of 4097.
17, 241
List the prime factors of 14.
2, 7
List the prime factors of 47128.
2, 43, 137
What are the prime factors of 2847?
3, 13, 73
What are the prime factors of 1323?
3, 7
What are the prime factors of 2340?
2, 3, 5, 13
What are the prime factors of 1322?
2, 661
List the prime factors of 6154.
2, 17, 181
What are the prime factors of 33148?
2, 8287
List the prime factors of 2403.
3, 89
What are the prime factors of 13256?
2, 1657
List the prime factors of 81534.
2, 3, 107, 127
List the prime factors of 48005.
5, 9601
List the prime factors of 7023.
3, 2341
List the prime factors of 11830.
2, 5, 7, 13
What are the prime factors of 225?
3, 5
List the prime factors of 1151.
1151
List the prime factors of 2143.
2143
What are the prime factors of 6553?
6553
What are the prime factors of 41?
41
What are the prime factors of 49815?
3, 5, 41
What are the prime factors of 666?
2, 3, 37
What are the prime factors of 15385?
5, 17, 181
What are the prime factors of 1181?
1181
What are the prime factors of 652?
2, 163
What are the prime factors of 9201?
3, 3067
List the prime factors of 25813.
83, 311
List the prime factors of 4936.
2, 617
List the prime factors of 93357.
3, 11, 23, 41
List the prime factors of 12597.
3, 13, 17, 19
List the prime factors of 56096.
2, 1753
What are the prime factors of 1862?
2, 7, 19
What are the prime factors of 7746?
2, 3, 1291
List the prime factors of 12534.
2, 3, 2089
List the prime factors of 281.
281
What are the prime factors of 3246?
2, 3, 541
What are the prime factors of 5495?
5, 7, 157
List the prime factors of 5001.
3, 1667
What are the prime factors of 12515?
5, 2503
List the prime factors of 1312.
2, 41
List the prime factors of 7078.
2, 3539
List the prime factors of 43463.
7, 887
What are the prime factors of 371?
7, 53
What are the prime factors of 1990?
2, 5, 199
What are the prime factors of 2349?
3, 29
List the prime factors of 30097.
30097
List the prime factors of 37550.
2, 5, 751
List the prime factors of 52681.
139, 379
What are the prime factors of 25817?
11, 2347
What are the prime factors of 448?
2, 7
List the prime factors of 1232.
2, 7, 11
What are the prime factors of 38868?
2, 3, 41, 79
List the prime factors of 6654.
2, 3, 1109
List the prime factors of 4327.
4327
What are the prime factors of 6893?
61, 113
What are the prime factors of 68136?
2, 3, 17, 167
List the prime factors of 15911.
7, 2273
List the prime factors of 12977.
19, 683
List the prime factors of 2946.
2, 3, 491
List the prime factors of 3722.
2, 1861
List the prime factors of 920.
2, 5, 23
What are the prime factors of 1631?
7, 233
What are the prime factors of 563?
563
List the prime factors of 38805.
3, 5, 13, 199
List the prime factors of 17214.
2, 3, 19, 151
List the prime factors of 13735.
5, 41, 67
List the prime factors of 13949.
13, 29, 37
What are the prime factors of 20742?
2, 3, 3457
List the prime factors of 54149.
173, 313
List the prime factors of 5757.
3, 19, 101
List the prime factors of 718.
2, 359
What are the prime factors of 21068?
2, 23, 229
What are the prime factors of 11399?
11399
List the prime factors of 64949.
107, 607
List the prime factors of 3061.
3061
List the prime factors of 752.
2, 47
What are the prime factors of 22600?
2, 5, 113
What are the prime factors of 1386?
2, 3, 7, 11
What are the prime factors of 1030?
2, 5, 103
What are the prime factors of 1505?
5, 7, 43
List the prime factors of 40776.
2, 3, 1699
What are the prime factors of 56425?
5, 37, 61
What are the prime factors of 18577?
13, 1429
What are the prime factors of 2844?
2, 3, 79
List the prime factors of 75026.
2, 7, 23, 233
List the prime factors of 3478.
2, 37, 47
List the prime factors of 48423.
3, 16141
What are the prime factors of 1858?
2, 929
List the prime factors of 895.
5, 179
What are the prime factors of 8033?
29, 277
What are the prime factors of 3970?
2, 5, 397
List the prime factors of 6827.
6827
List the prime factors of 1876.
2, 7, 67
What are the prime factors of 41598?
2, 3, 2311
What are the prime factors of 41450?
2, 5, 829
List the prime factors of 12861.
3, 1429
What are the prime factors of 2280?
2, 3, 5, 19
What are the prime factors of 16217?
16217
List the prime factors of 110865.
3, 5, 19, 389
What are the prime factors of 102390?
2, 3, 5, 3413
List the prime factors of 1222.
2, 13, 47
List the prime factors of 90794.
2, 11, 4127
What are the prime factors of 715?
5, 11, 13
List the prime factors of 71619.
3, 23873
List the prime factors of 2042.
2, 1021
What are the prime factors of 769?
769
List the prime factors of 2556.
2, 3, 71
What are the prime factors of 88270?
2, 5, 7, 13, 97
List the prime factors of 90080.
2, 5, 563
What are the prime factors of 5860?
2, 5, 293
List the prime factors of 2354.
2, 11, 107
What are the prime factors of 236?
2, 59
What are the prime factors of 997?
997
List the prime factors of 6138.
2, 3, 11, 31
List the prime factors of 657.
3, 73
List the prime factors of 1131.
3, 13, 29
What are the prime factors of 111680?
2, 5, 349
What are the prime factors of 99449?
7, 14207
What are the prime factors of 1370?
2, 5, 137
What are the prime factors of 6596?
2, 17, 97
List the prime factors of 28844.
2, 7211
What are the prime factors of 22701?
3, 7, 23, 47
List the prime factors of 7423.
13, 571
List the prime factors of 7368.
2, 3, 307
List the prime factors of 7109.
7109
What are the prime factors of 43161?
3, 14387
List the prime factors of 5315.
5, 1063
List the prime factors of 37963.
37963
What are the prime factors of 320?
2, 5
What are the prime factors of 61530?
2, 3, 5, 7, 293
What are the prime factors of 2286?
2, 3, 127
What are the prime factors of 1674?
2, 3, 31
What are the prime factors of 487?
487
What are the prime factors of 14054?
2, 7027
List the prime factors of 3762.
2, 3, 11, 19
What are the prime factors of 8754?
2, 3, 1459
What are the prime factors of 1346?
2, 673
List the prime factors of 41922.
2, 3, 17, 137
List the prime factors of 1319.
1319
List the prime factors of 11867.
11867
List the prime factors of 983.
983
List the prime factors of 1630.
2, 5, 163
What are the prime factors of 4380?
2, 3, 5, 73
What are the prime factors of 11756?
2, 2939
List the prime factors of 7953.
3, 11, 241
What are the prime factors of 1319?
1319
List the prime factors of 50853.
3, 11, 23, 67
What are the prime factors of 338?
2, 13
What are the prime factors of 267?
3, 89
List the prime factors of 46175.
5, 1847
What are the prime factors of 1936?
2, 11
What are the prime factors of 333?
3, 37
List the prime factors of 13618.
2, 11, 619
What are the prime factors of 1367?
1367
List the prime factors of 7537.
7537
List the prime factors of 15026.
2, 11, 683
What are the prime factors of 35815?
5, 13, 19, 29
List the prime factors of 132107.
17, 19, 409
What are the prime factors of 1860?
2, 3, 5, 31
What are the prime factors of 8039?
8039
List the prime factors of 356.
2, 89
What are the prime factors of 1046?
2, 523
What are the prime factors of 2617?
2617
List the prime factors of 3129.
3, 7, 149
What are the prime factors of 3746?
2, 1873
List the prime factors of 710.
2, 5, 71
What are the prime factors of 9490?
2, 5, 13, 73
List the prime factors of 2239.
2239
List the prime factors of 47578.
2, 23789
What are the prime factors of 9387?
3, 7, 149
List the prime factors of 44575.
5, 1783
What are the prime factors of 79390?
2, 5, 17, 467
What are the prime factors of 2611?
7, 373
What are the prime factors of 328?
2, 41
What are the prime factors of 2703?
3, 17, 53
What are the prime factors of 2554?
2, 1277
List the prime factors of 8975.
5, 359
What are the prime factors of 15927?
3, 5309
What are the prime factors of 21404?
2, 5351
What are the prime factors of 4014?
2, 3, 223
What are the prime factors of 2583?
3, 7, 41
List the prime factors of 35506.
2, 41, 433
List the prime factors of 554.
2, 277
What are the prime factors of 1552?
2, 97
List the prime factors of 3409.
7, 487
What are the prime factors of 282?
2, 3, 47
What are the prime factors of 38265?
3, 5, 2551
What are the prime factors of 748?
2, 11, 17
What are the prime factors of 1266?
2, 3, 211
List 